{"id":77,"date":"2022-01-27T08:54:29","date_gmt":"2022-01-27T08:54:29","guid":{"rendered":"https:\/\/sichu-blockart-eduskill.sites.qsandbox.com\/?page_id=77"},"modified":"2025-11-29T11:09:07","modified_gmt":"2025-11-29T11:09:07","slug":"about","status":"publish","type":"page","link":"https:\/\/xn--univerthque-59a.xyz\/?page_id=77","title":{"rendered":"\u00e0 propos"},"content":{"rendered":"\n<div class=\"blockart-section blockart-section-592fc797\"><div class=\"blockart-container\"><div class=\"blockart-section-inner\">\n<div class=\"blockart-column blockart-column-32b82680\"><div class=\"blockart-column-inner\">\n<!-- START: About Us Section -->\n<div style=\"font-family: 'Segoe UI', Tahoma, Geneva, Verdana, sans-serif; padding: 40px 20px; background: #f9f9f9; color: #333; text-align: center;\">\n\n    <!-- Header -->\n    <h1 style=\"font-size: 2.5em; color: #2c3e50; margin-bottom: 20px;\">Univerth\u00e8que<\/h1>\n    <p style=\"font-size: 1.2em; line-height: 1.6; margin-bottom: 40px;\">\n        Est une plateforme d\u00e9di\u00e9e au savoir et au partage des connaissances, r\u00e9alis\u00e9e par : <strong>ELHADI Jalila<\/strong> et <strong>ZERROUKI Hajar<\/strong>, sous la direction de la Professeure: <strong>ZERROUKI Najat<\/strong>.<br><br>\n        Notre mission en tant qu\u2019\u00e9tudiantes et chercheuses est de rendre le savoir accessible \u00e0 tous.<br>\n        Que vous soyez \u00e9tudiants, professionnels ou simplement curieux, <strong>Univerth\u00e8que<\/strong> vous accompagne dans votre parcours \u00e9ducatif.\n    <\/p>\n\n    <!-- Founders Section -->\n    <div style=\"display: flex; justify-content: center; gap: 40px; flex-wrap: wrap; margin-top: 40px;\">\n\n        <!-- Founder 1: ELHADI Jalila -->\n        <div style=\"text-align: center; max-width: 250px; background: white; border-radius: 8px; box-shadow: 0 4px 6px rgba(0, 0, 0, 0.1); transition: transform 0.2s ease; padding: 20px;\">\n            <img decoding=\"async\" src=\"https:\/\/xn--univerthque-59a.xyz\/wp-content\/uploads\/2025\/11\/1763868843539.png\" alt=\"ELHADI Jalila\" style=\"width: 100%; height: auto; border-radius: 8px; border: 1px solid #ddd; transition: box-shadow 0.3s ease;\">\n            <h3 style=\"margin: 15px 0 5px; font-size: 1.2em; color: #2c3e50;\">ELHADI Jalila<\/h3>\n            <p style=\"font-size: 0.9em; color: #555;\">Co-fondatrice<\/p>\n        <\/div>\n\n        <!-- Founder 2: ZERROUKI Hajar -->\n        <div style=\"text-align: center; max-width: 250px; background: white; border-radius: 8px; box-shadow: 0 4px 6px rgba(0, 0, 0, 0.1); transition: transform 0.2s ease; padding: 20px;\">\n            <img decoding=\"async\" src=\"https:\/\/xn--univerthque-59a.xyz\/wp-content\/uploads\/2025\/11\/1763586935012.jpg\" alt=\"ZERROUKI Hajar\" style=\"width: 100%; height: auto; border-radius: 8px; border: 1px solid #ddd; transition: box-shadow 0.3s ease;\">\n            <h3 style=\"margin: 15px 0 5px; font-size: 1.2em; color: #2c3e50;\">ZERROUKI Hajar<\/h3>\n            <p style=\"font-size: 0.9em; color: #555;\">Co-fondatrice<\/p>\n        <\/div>\n\n    <\/div>\n\n<\/div>\n<!-- END: About Us Section -->\n<\/div><\/div>\n\n\n\n<div class=\"blockart-buttons blockart-buttons-2ac2f244 is-wrap\"><\/div>\n<\/div><\/div><\/div>\n\n\n\n<div class=\"blockart-section blockart-section-e2ebd4db\"><div class=\"blockart-container\"><div class=\"blockart-section-inner\">\n<div class=\"blockart-column blockart-column-dcb1a80e\"><div class=\"blockart-column-inner\">\n<h2 class=\"blockart-heading blockart-heading-70fcc6f3\"><strong>Avis des \u00e9tudiants<\/strong><\/h2>\n\n\n\n<div class=\"blockart-section blockart-section-9afdbf74\"><div class=\"blockart-container\"><div class=\"blockart-section-inner\">\n<div class=\"blockart-column blockart-column-78f3e7bf\"><div class=\"blockart-column-inner\">\n<figure class=\"blockart-image blockart-image-e2d3708a\"><img decoding=\"async\" class=\"wp-image-344 hover-effect-static filter-none mask mask-none\" src=\"https:\/\/xn--univerthque-59a.xyz\/wp-content\/uploads\/2022\/01\/icon_quotes.png\" alt=\"\" height=\"134\" width=\"134\" srcset=\"https:\/\/xn--univerthque-59a.xyz\/wp-content\/uploads\/2022\/01\/icon_quotes.png 134w, https:\/\/xn--univerthque-59a.xyz\/wp-content\/uploads\/2022\/01\/icon_quotes-100x100.png 100w\" sizes=\"(max-width: 134px) 100vw, 134px\" \/><\/figure>\n\n\n\n<p class=\"blockart-paragraph blockart-paragraph-7caf4f33\"><em>\u00ab J\u2019appr\u00e9cie la simplicit\u00e9 d\u2019utilisation et la diversit\u00e9 des contenus propos\u00e9s. Univerth\u00e8que m\u2019aide \u00e0 progresser efficacement et \u00e0 garder ma motivation. \u00bb <br>\u00ab Une plateforme innovante qui me donne acc\u00e8s \u00e0 des ressources fiables et faciles \u00e0 comprendre. Univerth\u00e8que a chang\u00e9 ma mani\u00e8re d\u2019apprendre. \u00bb \u2013<em>, <\/em><\/em><\/p>\n\n\n\n<h3 class=\"blockart-heading blockart-heading-b39ea86b\"><em><em>Mariam<\/em><\/em><\/h3>\n\n\n\n<p class=\"blockart-paragraph blockart-paragraph-58bbfd8e\"><em><em>\u00e9tudiante en lettres<\/em><\/em><\/p>\n<\/div><\/div>\n\n\n\n<div class=\"blockart-column blockart-column-f88a54da\"><div class=\"blockart-column-inner\">\n<figure class=\"blockart-image blockart-image-71268b04\"><img decoding=\"async\" class=\"wp-image-344 hover-effect-static filter-none mask mask-none\" src=\"https:\/\/xn--univerthque-59a.xyz\/wp-content\/uploads\/2022\/01\/icon_quotes.png\" alt=\"\" height=\"134\" width=\"134\" srcset=\"https:\/\/xn--univerthque-59a.xyz\/wp-content\/uploads\/2022\/01\/icon_quotes.png 134w, https:\/\/xn--univerthque-59a.xyz\/wp-content\/uploads\/2022\/01\/icon_quotes-100x100.png 100w\" sizes=\"(max-width: 134px) 100vw, 134px\" \/><\/figure>\n\n\n\n<p class=\"blockart-paragraph blockart-paragraph-1580b20c\">\u00ab Univerth\u00e8que m\u2019a permis de trouver rapidement les ressources dont j\u2019avais besoin pour mes \u00e9tudes. La plateforme est claire, bien organis\u00e9e et m\u2019accompagne chaque jour dans mon apprentissage. \u00bb <br>\u00ab Gr\u00e2ce \u00e0 Univerth\u00e8que, j\u2019ai d\u00e9couvert de nouvelles m\u00e9thodes de travail et des contenus adapt\u00e9s \u00e0 mon niveau. C\u2019est devenu un outil indispensable pour mes r\u00e9visions. \u00bb <\/p>\n\n\n\n<h3 class=\"blockart-heading blockart-heading-c2c25935\"><em>Sarah<\/em><\/h3>\n\n\n\n<p class=\"blockart-paragraph blockart-paragraph-efbf51f0\"><em>\u00e9tudiante en droit<\/em><\/p>\n<\/div><\/div>\n<\/div><\/div><\/div>\n<\/div><\/div>\n<\/div><\/div><\/div>\n\n\n\n<p><\/p>\n","protected":false},"excerpt":{"rendered":"","protected":false},"author":1,"featured_media":0,"parent":0,"menu_order":0,"comment_status":"closed","ping_status":"closed","template":"page-templates\/pagebuilder.php","meta":{"zakra_page_container_layout":"stretched","zakra_page_sidebar_layout":"no_sidebar","zakra_remove_content_margin":true,"zakra_sidebar":"customizer","zakra_transparent_header":"customizer","zakra_logo":0,"zakra_main_header_style":"default","zakra_menu_item_color":"","zakra_menu_item_hover_color":"","zakra_menu_item_active_color":"","zakra_menu_active_style":"","zakra_page_header":true,"footnotes":""},"class_list":["post-77","page","type-page","status-publish","hentry"],"_links":{"self":[{"href":"https:\/\/xn--univerthque-59a.xyz\/index.php?rest_route=\/wp\/v2\/pages\/77","targetHints":{"allow":["GET"]}}],"collection":[{"href":"https:\/\/xn--univerthque-59a.xyz\/index.php?rest_route=\/wp\/v2\/pages"}],"about":[{"href":"https:\/\/xn--univerthque-59a.xyz\/index.php?rest_route=\/wp\/v2\/types\/page"}],"author":[{"embeddable":true,"href":"https:\/\/xn--univerthque-59a.xyz\/index.php?rest_route=\/wp\/v2\/users\/1"}],"replies":[{"embeddable":true,"href":"https:\/\/xn--univerthque-59a.xyz\/index.php?rest_route=%2Fwp%2Fv2%2Fcomments&post=77"}],"version-history":[{"count":5,"href":"https:\/\/xn--univerthque-59a.xyz\/index.php?rest_route=\/wp\/v2\/pages\/77\/revisions"}],"predecessor-version":[{"id":1386,"href":"https:\/\/xn--univerthque-59a.xyz\/index.php?rest_route=\/wp\/v2\/pages\/77\/revisions\/1386"}],"wp:attachment":[{"href":"https:\/\/xn--univerthque-59a.xyz\/index.php?rest_route=%2Fwp%2Fv2%2Fmedia&parent=77"}],"curies":[{"name":"wp","href":"https:\/\/api.w.org\/{rel}","templated":true}]}}